 -1177. What is the remainder when 462 is divided by v?
102
What is the remainder when -60*(-20)/480*(32 + -6) is divided by (-73)/(-3) - 1/3?
17
Let p(g) = -g**2 - 24*g - 33. Let r = 42 + -64. Calculate the remainder when 272 is divided by p(r).
8
Let p = 2 + -1. Let y be 40/32*4 + (-44)/(-2). Suppose -109*i + 107*i + y = -3*g, 0 = -2*i + 5*g + 29. Calculate the remainder when i is divided by p.
0
Let p be (112/20 + -5)*50. Suppose -23*d - 105 = -p*d. Calculate the remainder when 55 is divided by d.
10
Suppose -104 = 23*m + 79 - 436. Calculate the remainder when 19 is divided by m.
8
Calculate the remainder when ((-37)/((-7030)/2546))/((-2)/(-10)) is divided by (-2)/3 - (-112)/6.
13
Let w = 4 + 0. Suppose -5*d + 26 = 4*j, d + w - 2 = 0. Let x = -978 - -982. What is the remainder when j is divided by x?
1
Let v = 4067 + -3831. What is the remainder when 681 is divided by v?
209
Let k(b) = b**3 + 7*b**2 + 14*b + 25. Let w(m) = -m**2 + 5*m - 10. Let d be w(2). Calculate the remainder when 50 is divided by k(d).
16
Let t = 6 - -29. Suppose 4*z - t = 21. Calculate the remainder when 42 + -1 + 1 + -3 is divided by z.
11
Suppose -s - 4*p + 1183 = 0, -60*p + 63*p = 5*s - 5892. Calculate the remainder when s is divided by 46.
29
Suppose 0 = 5*v - 78*q + 79*q - 719, -4*q = 2*v - 302. What is the remainder when 7720 is divided by v?
141
What is the remainder when ((-2)/(24/297))/((-5)/60) is divided by 17?
8
Suppose -18*g + 12784 = 4*g - 5*g. What is the remainder when g is divided by 44?
4
Calculate the remainder when 885 is divided by 1256/30 - (-268)/2010.
3
Suppose -208*a + 213*a = 4*z - 88, -38 = -2*z + 4*a. Calculate the remainder when 212 is divided by z.
23
Suppose 0 = 4*w + 4*j, 5*j - 2 + 42 = 5*w. Suppose z - w*z = 5*d - 28, 0 = -2*z + 4*d + 48. Calculate the remainder when z is divided by 14.
2
Let p be (2/(-4))/(-1*4/120). Let k(x) = -x**3 + 16*x**2 - 14*x - 6. Let v be k(p). Calculate the remainder when 23 is divided by 5 + -2 + -7 + (v - 0).
3
Suppose 3*b + 123 - 123 = 0. Suppose 18 = 3*y - b*y. What is the remainder when -21*1/(-3 + 2) is divided by y?
3
Suppose 134940 = 66*k - 155922. Calculate the remainder when k is divided by 15.
12
Let d(x) = 13*x - 118. Let i(w) = -w**2 + 17*w - 3. Let a(q) = -q**3 + 4*q**2 + 6*q + 7. Let k be a(5). What is the remainder when i(k) is divided by d(10)?
9
Let d = -440 + 443. Suppose 30 = 2*i + q, 19 + 19 = d*i + 5*q. What is the remainder when -4*(1 - 50/4) is divided by i?
14
Suppose -5*x - v = -236, x - 2*v - 667 + 633 = 0. Calculate the remainder when 1378 is divided by x.
44
Let g = 21550 - 21537. Let i(q) = -q**3 - q**2 - q + 7. Let y be i(0). Suppose -y = -4*a + 125. Calculate the remainder when a is divided by g.
7
Suppose 0 = -3*n - i + 946, 0 = -5*n + n + 4*i + 1256. Let p = n - 294. Calculate the remainder when 671 is divided by p.
20
What is the remainder when 275 is divided by (29 - 23) + (-5 + 2)/3?
0
Calculate the remainder when 416 is divided by (-421)/(-5) + (37/(-740))/((-2)/(-8)).
80
Let o = -16124 - -18666. What is the remainder when o is divided by 252?
22
Suppose 0 = 5*s - 47 + 17. Let n(c) = -16*c - 107. Let p(i) = 5*i + 36. Let j(d) = 3*n(d) + 8*p(d). What is the remainder when j(-6) is divided by s?
3
What is the remainder when (40/100)/(7 - 174296/24900) is divided by 48?
42
Let t(a) = 89*a**2 - 16*a - 28. Let l be t(-2). Suppose 27*s - l = 7*s. Suppose u = 17 + 18. What is the remainder when u is divided by s?
17
Let s = -21897 - -21932. Suppose -5*l + 675 = 5*j, -4*j + l - 3*l + 544 = 0. What is the remainder when j is divided by s?
32
Suppose -70*c + 68*c = -160. What is the remainder when c is divided by 67?
13
Let n = -803 + 1610. What is the remainder when n is divided by 28?
23
Suppose 434*w - 209 = -3*m + 438*w, -3*m + 237 = 3*w. Calculate the remainder when 240 is divided by m.
15
Let b(c) = 92*c**3 + 8*c - 10. What is the remainder when 1434 is divided by b(1)?
84
Let m = 5753 + -5607. Calculate the remainder when 1289 is divided by m.
121
Let w = 1996 - 1804. Calculate the remainder when w is divided by 2.
0
Suppose -o = 5*s - 338, -348 = 3*s - 8*s + 4*o. What is the remainder when 10/(-9*240/(-58104)) is divided by s?
65
Let s = -36 + 72. Suppose -98 + 763 = -7*c. Let k = c + 114. What is the remainder when s is divided by k?
17
Suppose 3*n = -n + 12. Suppose -n*t = 2*o - 60, -o = 5*t - 42 - 58. Calculate the remainder when ((-14)/4)/((-3133)/(-286) + -11) is divided by t.
17
Suppose -235 = -4*s - 584*k + 589*k, -5*s - k = -301. What is the remainder when 572 is divided by s?
32
Suppose 65*n - 671364 - 201877 = 294. Calculate the remainder when n is divided by 96.
95
Let w(l) = 1276*l + 6. Let x be w(3). Calculate the remainder when 279 is divided by x/(-36)*6/(-9).
66
Suppose -10 - 25 = k. Let u = k - -59. What is the remainder when 9/(-45) + 231/5 is divided by u?
22
Let a(x) = x + 6. Let k be a(-2). Suppose 2*s - 410 = -4*h, -2*s = -k*h - 5*s + 411. Suppose -h = -2*q - 20. Calculate the remainder when q is divided by 11.
8
Let g(q) = -3*q - 2. Let f be g(-2). Suppose 0 = -5*t + 2*r + 3*r + 20, -12 = -2*t + 3*r. Calculate the remainder when (t - 2) + 150 + f is divided by 31.
28
Let x(n) = -13*n**3 - n**2 + 8*n + 11. Let i be x(-3). Let y = 346 - i. Calculate the remainder when 45 is divided by y.
11
Suppose -4*u = 2*l - 126, 0 = -1324*l + 1328*l + 3*u - 227. What is the remainder when 3812 is divided by l?
49
Let a(i) be the third derivative of i**5/20 + i**4/2 + 5*i**3 - 3*i**2 + i. What is the remainder when a(-5) is divided by 17?
11
Let r = -587 - -594. Suppose 10*h - 3*d - 36 = r*h, -d = -3*h + 36. What is the remainder when 273 is divided by h?
9
Suppose 17024*z - 50 - 30 = 17019*z. Calculate the remainder when -2*((-301)/2 + 1) is divided by z.
11
What is the remainder when 39 is divided by ((-177)/59)/(6/(-52))?
13
Suppose 3*b - 90 = -5*l, -l - 30 = -207*b + 206*b. What is the remainder when 710 is divided by b?
20
Suppose 46 = 2*k - c, 3*c = -1330*k + 1329*k + 58. Let l = -33 - -107. What is the remainder when l is divided by k?
18
Suppose 19*b = 16*b + 5*u + 634, -3*u + 642 = 3*b. Calculate the remainder when 4465 is divided by b.
205
Let x be 16*(-3 - (-13)/4). Suppose 2*c - 5*s = -19, -x*c = -2*c - 3*s + 13. Let u = 29 - c. What is the remainder when 185 is divided by u?
30
Suppose 0 = -5*i - 2*a + 565, -i + 57 = -a - 56. What is the remainder when 906 is divided by i?
2
Suppose -h - 4*h + 1930 = -3*f, -4*f = h - 386. Let p = -3 - -46. What is the remainder when h is divided by p?
42
Let j(f) = f**3 + 10*f**2 + 18*f + 11. Let d be j(-9). Let u = d + 89. What is the remainder when 250/7 + 2/7 is divided by u?
17
Suppose 0 = 12*x + 3360 - 8436. Calculate the remainder when x is divided by 19.
5
Let c(s) = 2*s**3 + 3*s**2 - 23*s + 2. What is the remainder when 4277 is divided by c(-4)?
7
Let f be 1/(115/46*(-4)/(-10)). Calculate the remainder when (-3)/(-5 - f)*(41 + 77) is divided by 9.
5
Let x(u) = 55*u + 2151. Calculate the remainder when x(-32) is divided by 126.
13
Let c be (-3)/(-6) + 4/(56/21). Suppose -d - 34 = -5*n, c*n - 4*n = -d - 16. What is the remainder when n is divided by 2?
0
Let z be 4725/57 - 16/(-152). Let k = 386 + z. What is the remainder when k is divided by 59?
56
Suppose 30 = 2*j - y - y, -2*j = y - 45. Suppose -5*o + 489 = -4*l, -6*l = 2*o - 4*l - 192. Calculate the remainder when o is divided by j.
17
Suppose 17*s + 72*s - 3738 = 0. Let u(i) = -32*i**3 + 3*i + 1. What is the remainder when u(-2) is divided by s?
41
Suppose -5*f + 187 = -23. Suppose 154 = 2*g - 4*q, 0 = 5*g - 2*q + 4*q - 421. What is the remainder when g is divided by f?
41
Let p = 22319 + -21895. Calculate the remainder when p is divided by 3.
1
Suppose 12*d - 51 = 9*d. What is the remainder when d is divided by 12 - ((-1)/(-1) - -3)?
1
Suppose -468 = -k + 2*i, -4*k - 174 + 2038 = -4*i. Suppose 2*b - 18*p - k = -14*p, -2*p = 8. Calculate the remainder when b is divided by 19.
15
Let x = 260 - 250. Suppose x*u = 12*u - 166. Suppose 4 - 32 = -2*l. What is the remainder when u is divided by l?
13
Let f = 8 + 35. Let w = 70 - -38. Suppose 30 = 6*m - w. What is the remainder when f is divided by m?
20
Suppose -14 = -4*y + 2*x, 0*y - 5*x = -2*y + 19. Let t(z) =